g**5/15 - 3*g**4/8 - 7*g**3/6 + 23*g**2 - 4*g + 8. Let v(q) be the first derivative of j(q). Give v(-7).
7
Let w(j) = -j**3 + 11*j**2 - 12*j - 9. Let c be 19 - 9 - 1 - 0/(-3). What is w(c)?
45
Let b(x) = -686*x + 4 + 19 - 685*x + 1370*x. Calculate b(8).
15
Let a(u) = -36*u - 58. Let l(z) = 38*z + 69. Let b(i) = -6*a(i) - 5*l(i). Calculate b(1).
29
Suppose 964 = -101*x + 1671. Let z(m) = -9*m + 15. What is z(x)?
-48
Let x(z) = 2 + 1 + 3 - 6*z + 0. Suppose 2*b = 0, b - 19 = -4*g - 11. Calculate x(g).
-6
Let n(z) = -z**2 + 18. Let m(f) = f**3 + 75*f**2 + 79*f + 379. Let p be m(-74). Calculate n(p).
-63
Suppose 1905*b - 1895*b = 50. Let f = -5 + 12. Let k(r) = -r - 2. Let o(t) = 3*t + 7. Let s(h) = f*k(h) + 2*o(h). What is s(b)?
-5
Let f(y) = -y + 4. Let j be f(6). Let c(v) = 5*v**3 + 5*v**2 + 10*v - 2. Let u(w) = -6*w**3 - 6*w**2 - 12*w + 2. Let x(n) = -7*c(n) - 6*u(n). What is x(j)?
-6
Let i(s) = -s**2 - s - 8. Let z(y) = -2*y**2 - 10. Let u(j) = -3*i(j) + 2*z(j). Let p be (3 + 1/(-2))*(-6)/(-5). Calculate u(p).
4
Suppose 2*p + 3*p - 5*n = 5, -5*p - n = -17. Let d(o) be the third derivative of o**5/30 - o**4/24 + o**3/2 + 1423*o**2 + 9. Determine d(p).
18
Let n(z) = -27*z**2 - 190*z - 3. Suppose -13*p + 184 = 275. Calculate n(p).
4
Let w(g) = 3*g - 6*g + 2*g - 21. Let j be 80/3*18/(-30). Determine w(j).
-5
Let y = 10755 + -10743. Let f(u) = u**2 - 7*u - 19. Calculate f(y).
41
Let k(o) = o**2 + 7*o + 6. Suppose -60 - 144 = 174*j - 30. Calculate k(j).
0
Let t(k) be the second derivative of -29*k**3 - 211*k. Let f(p) = -p. Let z(w) = 145*f(w) - t(w). Determine z(-1).
-29
Let w = -22 - -144. Let s(b) = -121*b + 1 + w*b - 1. Suppose 0 = -2*l + x - 9, 3*l - x = -l - 13. Calculate s(l).
-2
Let n = -426 + 427. Let u(t) = t**2 + 6*t. Let d(o) = 4*o - 1. Let b(q) = n*u(q) + 2*d(q). Determine b(-8).
-50
Suppose -3 = -t, 5*t - 13 = -4*u + 2*u. Let p(x) = -109*x - 102. Give p(u).
7
Let y(s) = -s**2 - 4*s - 3. Let z(h) = 2*h**2 + 9*h + 7. Let a(m) = -13*y(m) - 6*z(m). Let g(k) = -81*k - 1117. Let c be g(0). Let u = c - -1115. Give a(u).
5
Let l(x) = -2*x**2 - 2*x + 1. Let b = 247 + -243. Suppose i - 7*s - 21 = -2*s, -b*s = -5*i + 21. Give l(i).
-3
Let r(x) = x**3 + 3*x**2 + x - 48. Let s be r(0). Let j be (12/(-18))/(-4*4/s). Let g(m) = 3*m**2 + 3*m + 3. Determine g(j).
9
Let n = 1367 + -1371. Let q(d) = -27*d + 8. Determine q(n).
116
Let o(s) be the second derivative of 0 - 4/3*s**3 - 25*s + 3/2*s**2 - 1/12*s**4. Determine o(-7).
10
Let h(j) = 6*j**2 - 21*j + 461. Let m(p) = -5*p**2 + 20*p - 380. Let i(d) = -4*h(d) - 5*m(d). Determine i(6).
-4
Let o(h) = 141*h - 4 + 120*h + 133*h - 393*h. Suppose 5*d = -5*f - 30, -3*f - 17 = 5*d + 7. Let s = 7 + d. What is o(s)?
0
Let j(n) = n + 7. Suppose -5 = -g, -m + 3*g = -2*m + 47. Let f = -28 + m. Suppose -5*l - 5*t - 28 = -2*l, f*l = 5*t - 14. Calculate j(l).
1
Let k(v) = -18*v**2 + v + v**3 + 6*v**2 + 0*v + 2721 - 2656. Give k(11).
-45
Let g = -25484 - -25507. Let f(l) = -l**2 + 25*l - 77. What is f(g)?
-31
Let s(o) = 46*o - 14 + o**3 + 40*o + 15*o**2 + 71*o - 156*o - 2*o**3. Suppose -8*h + 70 = -3*h - m, -h = -3*m. What is s(h)?
1
Let c(f) = f**2 + 4*f + 1. Let i be c(-5). Let b be 2*(27/i)/1. Suppose 11*p = b*p. Let o(h) = -h**2 - h + 2. Calculate o(p).
2
Let w(i) be the first derivative of -i**3/3 + 2*i**2 - 3*i - 14157. Let k be 68/18 + 2/9. Suppose 3*l + k = 5*z, 4*z - 2*z = 5*l - 6. Calculate w(l).
1
Let o(j) = -9*j - 5. Let y(a) = 7*a + 5. Suppose -2*i - 21 = -6*i - 5*q, -3*q + 3 = 0. Let z(c) = i*o(c) + 5*y(c). Calculate z(14).
-9
Let k(l) = 3*l. Let z(v) = 26*v + 1. Let n(b) = 39*b + 2. Let u(o) = 5*n(o) - 7*z(o). Let x(j) = 5*k(j) - u(j). Calculate x(6).
9
Let c = -37468 - -37469. Let n(s) = -38*s + 39. What is n(c)?
1
Let r(u) = u**3 + 4*u**2 + 3*u. Suppose -2*z + 5*z - 527 = -4*s, -z + 173 = 4*s. Let j = z - 180. Calculate r(j).
0
Let q = 63 + -30. Suppose -q*v + 20 = -29*v. Let z(k) = -11 - v + 22 - k. Give z(-6).
12
Let u(l) be the third derivative of -143*l**4/24 - 287*l**3/3 + 36*l**2 + 28*l + 3. What is u(-4)?
-2
Let k(f) = -f**3 - 7*f**2 - 18*f - 18. Let c = 2350 + -2354. Give k(c).
6
Let b = -601 + 605. Suppose 0 = 3*s + 4*w + 5, -10 = -b*s + w - 4. Let i(z) = 2*z**3 + z**2 + z - 1. Give i(s).
3
Let m(j) be the first derivative of j**7/840 - j**6/30 - j**5/8 + j**4/2 + 14*j**3/3 + 57. Let f(r) be the third derivative of m(r). Give f(13).
-14
Let n be 0 + -1 - 33/11. Let d(t) be the second derivative of -6*t - 3/2*t**2 + 0 + 1/6*t**3. Determine d(n).
-7
Let v(x) = x + 12. Let n = 0 + 1. Let q be n*(1 + 5) - 4. Suppose -q*l - 30 = 4*l. Give v(l).
7
Let d(m) = m**2 + 7*m**3 - 6*m**3 - 7 - 12*m**2 + 3*m + 0*m**2 + 5*m**2. Let u(p) = -4*p - 31. Let s be u(-9). Calculate d(s).
-17
Let o(w) be the second derivative of w**5/20 + 7*w**4/6 + 41*w**3/6 + 25*w**2/2 + 320*w - 8. Determine o(-10).
15
Let f(s) = -11*s + 8. Let r(l) = -141*l + 108. Let p(n) = 27*f(n) - 2*r(n). Give p(-5).
75
Let u = -18 - -67. Let f(d) = 50*d**2 - u*d**2 - 192*d**3 + 1 + 190*d**3. Determine f(2).
-11
Let x(a) = 2*a**2 - 4*a + 1. Let p be x(2). Let u(r) = -6 - 2 + p + r - 4*r**2 + 5*r**2. Determine u(0).
-7
Let h(q) = q + 17. Suppose 2*o - 4*x = -x + 22, -3*x - 32 = -4*o. Suppose 11 = i + 4*d, -2*i - 2*i = -o*d - 44. Suppose -4 = -n - i. Determine h(n).
10
Let c(f) = 2*f**2 + 3 - 6*f**2 + 2 + 3*f**2. Let z(v) = v**2 + 18*v + 81. Let q be z(-9). Determine c(q).
5
Let u = -3 - 37. Let z = 70 + u. Let g(r) = z*r - 19*r - 1 - 12*r. Calculate g(-6).
5
Let l = 8 + 1. Let v be (-114 + 116)/(2/3). Let a(t) = -8*t + 5 - l + 9*t - v. Determine a(6).
-1
Let j(h) = 5735*h**3 + 11*h**2 + 6*h - 5734*h**3 + 4*h - 6 + 6*h + 5*h. Determine j(-5).
39
Let v(f) = -2*f**2 - 19*f + 2. Let k(x) = x**3 + x**2 + x - 1. Let u(q) = 2*k(q) + v(q). Let n(d) be the second derivative of u(d). Calculate n(-3).
-36
Let i(f) be the first derivative of 6*f**2 - 9*f + 670. Determine i(2).
15
Suppose -s + 4*p = -8, -s - 7*p + 2*p - 10 = 0. Let r(m) = m**2 - 4*m - 11. What is r(s)?
-11
Let s(x) = -5*x - 6. Suppose -279 = 44*r - 191. Calculate s(r).
4
Let s = 28 + -8. Suppose 3*b = 7*b - s. Let f(z) = -5 + 5*z - 2*z - 2. Give f(b).
8
Suppose -78 = 2*r + 90. Suppose 0 = -0*s + 4*s - 320. Let x = r + s. Let h(n) = n**3 + 3*n**2 - n - 1. Determine h(x).
-13
Let r(f) = 5*f**2 - 2*f + 4. Let c(j) = -4*j**2 + 3*j - 5. Let u(v) = 3*c(v) + 4*r(v). Suppose 5 = -4*g + 29. Suppose -11*t - 5 = g. Calculate u(t).
8
Let j(t) be the first derivative of -t**5/120 + t**4/24 - 2*t**3/3 - 125*t**2/2 + 17. Let z(b) be the third derivative of j(b). What is z(3)?
-2
Let v(c) be the first derivative of -c**4/2 - 6*c**3 - c**2/2 - 8*c - 1741. Determine v(-9).
1
Let q(z) = z**3 + 10*z**2 - 2*z - 14. Let w be 11 + -14 + (-22)/(-2). Let g be (-3)/(-12) - (6 + 34/w). What is q(g)?
6
Let l(w) = -5*w**3 - 27*w**2 + 6*w + 5. Let n(q) = 13*q**3 + 70*q**2 - 17*q - 17. Let x(h) = 8*l(h) + 3*n(h). What is x(-6)?
7
Suppose 63*k = -q + 65*k + 1, -4*k = -5*q - 13. Let l(f) = 4*f**2 + 10*f - 49. Determine l(q).
1
Let v = -30 + 32. Let d(n) = n**2 - 9*n - 8. Let b(o) = 5*o**2 - 37*o - 32. Let h be (30/25)/(8/(-60)). Let a(j) = h*d(j) + v*b(j). Determine a(-6).
2
Let u(r) be the second derivative of -r**3/6 - 7*r**2/2 - 8743*r. Let f = -3 + 7. Let s be -1 - (-2 - 0 - f). What is u(s)?
-12
Let a(b) = -143*b + 19. Let i(j) = -32*j. Let s(o) = -a(o) + 4*i(o). What is s(2)?
11
Let d(s) = -12*s + 162. Let y be d(14). Let c(q) = 2*q**2 + 8*q - 33. Determine c(y).
-9
Let w(g) = 0*g**2 - 1 + 6*g**2 - 2*g**2 + g. Suppose 246 = -2*u + 242. Let z(d) = -8*d**2 - 3*d + 2. Let c(h) = u*z(h) - 5*w(h). Determine c(2).
-13
Let t(q) = -3*q**3 + 3*q**2 - 4*q + 52. Let c be t(3). Let k(z) = -5*z - 78. Give k(c).
-8
Let s(z) = z**3 - 3*z**2 + 1. Let q be s(2). Let c = q + 4. Let v(y) be the second derivative of -y**4/6 + y**2/2 + 23560*y - 1. What is v(c)?
-1
Let p(m) = 3*m + 8. Let w be (-16)/(-6) - 32/48. Let q be (61/122)/(w/(-20)). Give p(q).
-7
Let d(r) = -1 + 2 - 10*r - 9*r + 28*r - 7*r. Suppose 12*f - 6*f - 12 = 0. Determine d(f).
5
Let w(h) = -2*h - 13. Let x be (134 - 147) + 24 + 2. Calculate w(x).
-39
Let g(p) = p**3 + 7*p**2 + 6*p + 6. Let b be (5/3)/((-2)/(-576)*-3). Let l = -165 - b. Calculate g(l).
26
Suppose 4*